{"id":3,"date":"2019-09-18T16:03:38","date_gmt":"2019-09-18T16:03:38","guid":{"rendered":"http:\/\/subident.pl\/?page_id=3"},"modified":"2020-03-14T20:36:25","modified_gmt":"2020-03-14T19:36:25","slug":"polityka-prywatnosci","status":"publish","type":"page","link":"http:\/\/subident.pl\/index.php\/polityka-prywatnosci\/","title":{"rendered":"Informacje o ciasteczkach"},"content":{"rendered":"\n<p>Niniejsze informacje dotycz\u0105 plik\u00f3w cookies i odnosz\u0105 si\u0119 do strony Subident.pl, kt\u00f3rej operatorem jest Subident z siedzib\u0105 w Warszawie. <\/p>\n\n\n\n<h2 class=\"wp-block-heading\"><strong>Czym s\u0105 pliki cookies?<\/strong><\/h2>\n\n\n\n<p>To pliki tekstowe, wysy\u0142ane przez serwis internetowy do urz\u0105dzenia ko\u0144cowego (np. komputer, smartfon), z kt\u00f3rego korzystamy przegl\u0105daj\u0105c strony internetowe. W cookies znajduj\u0105 si\u0119 r\u00f3\u017cne informacje, cz\u0119sto niezb\u0119dne do prawid\u0142owego funkcjonowania serwis\u00f3w internetowych (np. do autoryzacji, podczas logowania na konto pocztowe lub do serwisu internetowego).<\/p>\n\n\n\n<p>Dzi\u0119ki wykorzystaniu plik\u00f3w cookies, wiele stron internetowych mo\u017ce dzia\u0142a\u0107 w spos\u00f3b wygodniejszy dla u\u017cytkownika.<\/p>\n\n\n\n<h3 class=\"wp-block-heading\"><strong>Do czego u\u017cywamy cookies?<\/strong><\/h3>\n\n\n\n<p> U\u017cywamy informacji zapisanych za pomoc\u0105 cookies m.in. w celach reklamowych i statystycznych oraz w celu dostosowania naszych serwis\u00f3w do indywidualnych potrzeb u\u017cytkownik\u00f3w. Niezale\u017cnie pliki cookies mog\u0105 te\u017c stosowa\u0107 wsp\u00f3\u0142pracuj\u0105cy z nami reklamodawcy, firmy badawcze oraz dostawcy aplikacji multimedialnych. <\/p>\n\n\n\n<h3 class=\"wp-block-heading\"><strong>Jakich cookies u\u017cywamy?<\/strong><\/h3>\n\n\n\n<p>\n\nStosowane s\u0105 dwa rodzaje plik\u00f3w cookies \u2013 \u201esesyjne\u201d oraz \u201esta\u0142e\u201d. Pierwsze z nich s\u0105 plikami tymczasowymi, kt\u00f3re pozostaj\u0105 na urz\u0105dzeniu u\u017cytkownika, a\u017c do opuszczenia strony internetowej lub wy\u0142\u0105czenia przegl\u0105darki (lub innego oprogramowania korzystaj\u0105cego ze strony). \u201eSta\u0142e\u201d pliki pozostaj\u0105 na urz\u0105dzeniu u\u017cytkownika przez czas okre\u015blony w parametrach plik\u00f3w \u201ecookies\u201d albo do momentu ich r\u0119cznego usuni\u0119cia przez u\u017cytkownika.\n\n<\/p>\n\n\n\n<h3 class=\"wp-block-heading\"><strong>Usuwanie cookies<\/strong><\/h3>\n\n\n\n<p><strong>Usuwanie cookies<\/strong><\/p>\n\n\n\n<p>Bardzo cz\u0119sto przegl\u0105darka internetowa (lub inne oprogramowanie s\u0142u\u017c\u0105ce do przegl\u0105dania stron) domy\u015blnie dopuszcza umieszczanie cookies na urz\u0105dzeniu ko\u0144cowym. To ustawienie mo\u017ce by\u0107 zmienione w taki spos\u00f3b, aby blokowa\u0107 automatyczn\u0105 obs\u0142ug\u0119 cookies. Szczeg\u00f3\u0142owe informacje o mo\u017cliwo\u015bci i sposobach obs\u0142ugi cookies dost\u0119pne s\u0105 w ustawieniach oprogramowania (przegl\u0105darki internetowej).<\/p>\n\n\n\n<p>Blokowanie cookies, mo\u017ce wp\u0142yn\u0105\u0107 na cz\u0119\u015b\u0107 funkcjonalno\u015bci dost\u0119pnych na stronie internetowej, a w niekt\u00f3rych przypadkach nawet uniemo\u017cliwi\u0107 ich prawid\u0142owe dzia\u0142anie.<\/p>\n","protected":false},"excerpt":{"rendered":"<p>Niniejsze informacje dotycz\u0105 plik\u00f3w cookies i odnosz\u0105 si\u0119 do strony Subident.pl, kt\u00f3rej operatorem jest Subident z siedzib\u0105 w Warszawie. Czym s\u0105 pliki cookies? To pliki tekstowe, wysy\u0142ane przez serwis internetowy do urz\u0105dzenia ko\u0144cowego (np. komputer, smartfon), z kt\u00f3rego korzystamy przegl\u0105daj\u0105c strony internetowe. W cookies znajduj\u0105 si\u0119 r\u00f3\u017cne informacje, cz\u0119sto niezb\u0119dne do prawid\u0142owego funkcjonowania serwis\u00f3w internetowych<\/p>\n<div><a class=\"btn-filled btn\" href=\"http:\/\/subident.pl\/index.php\/polityka-prywatnosci\/\" title=\"Informacje o ciasteczkach\">Czytaj wi\u0119cej<\/a><\/div>\n","protected":false},"author":1,"featured_media":0,"parent":0,"menu_order":0,"comment_status":"closed","ping_status":"open","template":"","meta":{"footnotes":""},"_links":{"self":[{"href":"http:\/\/subident.pl\/index.php\/wp-json\/wp\/v2\/pages\/3"}],"collection":[{"href":"http:\/\/subident.pl\/index.php\/wp-json\/wp\/v2\/pages"}],"about":[{"href":"http:\/\/subident.pl\/index.php\/wp-json\/wp\/v2\/types\/page"}],"author":[{"embeddable":true,"href":"http:\/\/subident.pl\/index.php\/wp-json\/wp\/v2\/users\/1"}],"replies":[{"embeddable":true,"href":"http:\/\/subident.pl\/index.php\/wp-json\/wp\/v2\/comments?post=3"}],"version-history":[{"count":1,"href":"http:\/\/subident.pl\/index.php\/wp-json\/wp\/v2\/pages\/3\/revisions"}],"predecessor-version":[{"id":318,"href":"http:\/\/subident.pl\/index.php\/wp-json\/wp\/v2\/pages\/3\/revisions\/318"}],"wp:attachment":[{"href":"http:\/\/subident.pl\/index.php\/wp-json\/wp\/v2\/media?parent=3"}],"curies":[{"name":"wp","href":"https:\/\/api.w.org\/{rel}","templated":true}]}}